86 - 31)
57
What is -11 - -64 - ((3 - (3 - (6 - -3))) + -20)?
64
What is -6 + -10 + -11 + (23 - (15 + -11)) - -32?
24
Calculate -4 + 10 + -20 - (1 - -1) - 13.
-29
Calculate 42 + -1 - (872 + -800).
-31
Evaluate (-40 - (-3 - 81)) + 12 - -4.
60
What is the value of -38 - (20 - 56) - 40?
-42
Calculate 39 + -61 + 49 + -138.
-111
Calculate 109 + (100 - 315) + 113.
7
What is the value of 57 + 55 + -47 - (-4 - (-3 - -3))?
69
Calculate 2 - (-6 - 3) - (-6831 - -6892).
-50
Evaluate -1 + 4 + -11177 + 11163.
-11
7 + -3 + -75 + -1 + (-15 - -24)
-63
0 + -102 + (-59 - -238 - 157)
-80
-13 + 2 + (107 - (45 - -35))
16
What is the value of (89 - 89) + (-17 - -27 - 19)?
-9
What is the value of (-47 - (3 - -1 - -1)) + (11 - (2 - -1))?
-44
Evaluate -12 - (-4 + -42 + 16 + 68).
-50
Evaluate -116 - (48 - (107 + -26)).
-83
What is 41 + (17 - (-24 + 12 - -9)) + -11?
50
Calculate -12 - (-32 - (-36 + -14) - 9).
-21
What is the value of 39 + 11 - (-99 + 89 + (21 - -1))?
38
(12 + (10 - 8) - 6 - -15) + -11 + 97
109
Evaluate 13 + (78 - 2 - (95 - 93)).
87
(-4 - ((0 - 6) + (4 - -56) - 12)) + -1
-47
Evaluate (23 - (46 - -3)) + 3 + 98.
75
What is the value of 72 + -93 + 58 + -119?
-82
What is the value of -13 - (-12 - (16 - (31 + -4))) - -71?
59
Calculate (27 - 23 - 51) + 55.
8
What is 84 + (95 - (-56 + 144))?
91
What is the value of (76 - (6 - 15 - -21)) + -19?
45
What is (-9 - (-13 + 8)) + -110 + 114?
0
What is the value of 5 + (32 + -22 - (-2 + 7 + 4))?
6
Evaluate -48 - (18 - 12 - (54 + -47)).
-47
(23 - 10) + -6 + -126 + 6 + 11
-102
-21 - (11 - (-18 + 24))
-26
7 + -17 - (17 - 16 - -45)
-56
What is the value of -5 + -3 + 11 + 25 - -13?
41
What is (0 - -82) + (-11 + 56 - 56)?
71
Calculate 54 - (38 - (-99 - -65)).
-18
110 + -70 + (-30 - -7)
17
-6 + (-205 + 202 - (-19 - 0))
10
Calculate (-5 - (-33 - -3)) + (-9 - 36).
-20
What is -55 - (-47 - (-47 + 95))?
40
Calculate (-4 - (-21 + 27)) + 3 + 4 + -58.
-61
What is the value of -141 - (-153 + 17) - (1 + 19)?
-25
What is the value of 100 - ((137 - 152) + -2 + 45)?
72
117 + -43 - 81 - -82
75
What is (8 + -15 - 1) + (0 + 2 - -2 - -2)?
-2
What is 1235 + -1208 + 2 + -50?
-21
Evaluate 18 - (-5 + 12) - (-17 + 45) - -2.
-15
What is (6 - -9 - (33 - 19)) + -25?
-24
(7 - -27) + -86 + 11
-41
-46 + 5 + -2 - -4
-39
What is 28 + -63 + 3 - (1 - (14 + -4))?
-23
What is the value of (-19 - -19) + -3 + 5 + -2 + -18 + 90?
72
Evaluate (74 - (-50 - -73)) + -25.
26
Calculate 13 - (34 - (-66 - -41)).
-46
What is the value of 50 - (6 - (-23 - -32))?
53
Evaluate 13 + -21 - (-250 + 153).
89
Calculate 173 + (-79 - -22) + -58.
58
Evaluate -61 + (-8 + 28 - -37).
-4
Calculate 20 - ((-24 - (-44 - -22)) + -14) - -11.
47
Evaluate -47 - 1 - (-14 - -12).
-46
What is -58 - (94 - (178 - 133))?
-107
-42 + (-43 - -127) + -23
19
What is the value of -26 + (-12 + 12 - -21)?
-5
What is the value of 178 + -173 + 86 - 104?
-13
Calculate -2 + -11 + (-9 + -2 - -21 - 15).
-18
Evaluate (-25 - (-55 + 24)) + 5 + -23.
-12
What is 30 + -8 + (207 - 161)?
68
What is the value of 0 - (4 - 1) - -8 - (14 + -83 + -25)?
99
What is -9 - ((0 - 5) + -3 + (15 - 5))?
-11
Evaluate -6 + 21 + 5 + -8 + (-6 - -19) + -10.
15
What is the value of 25 + 26 + (-46 - -6) + 0 + 37?
48
What is the value of (0 + -24 - (-53 + -52)) + -33?
48
-1 - (-3 + 5 + 3 - (7 - 14 - -7))
-6
105 + -124 + (75 - 2)
54
What is (-292 - -282) + 2 + (0 - 47)?
-55
641 + -595 + (-5 - 44)
-3
What is 27 + (-64 + -18 - -16 - -21)?
-18
What is (0 + 11 + -12 - 7) + (-2 - (38 - -1))?
-49
Evaluate -1 - -11 - ((17 - 12) + (-29 - -13) + 49).
-28
What is the value of -38 + -47 + 114 - (-2 - -5)?
26
(-9 - (5 + -20 - -20)) + (6 - -2)
-6
What is -8 - (-24 + 24 + 33 + -17)?
-24
What is 0 - (71 + -1 + -1491 + 1488)?
-67
Evaluate 1 + (-2 - -21) - (1461 - 1483).
42
What is the value of (1 + 0 - 9 - (-2450 + 2454)) + 85?
73
Evaluate 3 + 97 + (-5 - (7 + 2)) + -9.
77
Evaluate 1 + -11 - ((24 - 10) + -1) - -10.
-13
Evaluate (-6 - (0 + -3 - 0)) + -244 + 255.
8
What is -83 + (48 - (2 + -1 - -11))?
-47
What is 22 - (-12 - -23) - (-67 + 48)?
30
32 + (-142 + 136 - (2 + -26))
50
What is -32 + 144 + -119 - 99?
-106
What is 294 - 303 - (-11 - (-1 + 0 + 1))?
2
Evaluate -23 - ((-44 + 34 - -11) + -10).
-14
Calculate 22 - ((-136 - -132) + (-13 - -2)).
37
Evaluate 6 + (0 - 1) + (1 - -1) - 10.
-3
Evaluate (9 - 84 - -59) + (23 - 1).
6
-13 - -5 - (-321 - -303)
10
Calculate (-5 - (-8 - (0 - -5))) + -9.
-1
What is the value of 0 - 29 - (-30 - (-75 - -42))?
-32
Evaluate (3 - 1) + 39 + (-50 - -48).
39
(6 - -60) + (-1 - -12 - (53 - 40)) - -12
76
What is 5 + (-35 + -54 - -103)?
19
10 + (0 + 34 - -24) + -27
41
What is 69 + (66 - 152) + -12?
-29
What is the value of (13 - (-15 + 13)) + -26 + 26?
15
What is the value of (4 - 0) + -7 - 7 - (-2 - -5 - 33)?
20
What is the value of 14 - ((230 - 225) + (-6 - 1) + -41)?
57
What is the value of 14 + (-15 - -3) + (8 - 46)?
-36
Evaluate -7 - -7 - (440 - 471).
31
Calculate (-11 - (34 - 34)) + -7 + 2 + 20.
4
36 - (16 - (-6 + 4) - -62)
-44
(-6 + 0 - -10) + (-277 - -311)
38
Calculate ((2 - 16) + 34 - 32) + 10.
-2
What is 9 - (-15 + (0 - -16 - 5) - (-3 - 2))?
8
What is the value of 86 + -244 + 32 - (-8 + (-1 - 3))?
-114
Evaluate (-91 - -90) + (-1 - -2 - (-2 + 76 - 0)).
-74
-27 - (1 - 2) - ((-31 - -73) + -40)
-28
What is (14 - (48 + -11)) + -3 + -2?
-28
Calculate 688 + -725 + (7 - 2 - 23).
-55
What is the value of -58 + 82 - 86 - -101?
39
Evaluate (-154 - (-288 + 153)) + (119 + -1 - 1).
98
Evaluate 22 - (28 + (31 + -2 - 35)).
0
Evaluate 74 - ((175 - -15) + -81).
-35
What is -9 + (-45 - (-25 - 5) - -32) - (-26 - 1)?
35
What is 6 + (15 - -13 - 48)?
-14
What is (-27 - (-19 - -11) - -9) + 34?
24
What is 18 + -12 + -4 - (17 - -4)?
-19
Evaluate 10 + -35 + -7 + -1 - (-9 + 12 - 13).
-23
Calculate 75 - (-38 + (21 - (15 - 8))) - -12.
111
Calculate (-77 + 29 - 16) + 65.
1
What is the value of (1 + 6 - 10 - -33) + -2 + 16?
44
What is -15 - -14 - (43 - 37 - (7 - 4))?
-4
-83 + (-31 - -88) + 13
-13
67 - 118 - -32 - 3
-22
What is (-5 - (2 + -8)) + -14 + 18 + 46 + 0?
51
Calculate -44 - (-51 + 25) - -33.
15
What is -103 - (38 - 53) - -74?
-14
Evaluate 14 + -10 + (-29 - -14) + 32 + -126.
-105
What is the value of -11 - 3 - (10 - (28 + 16 + -46))?
-26
-10 - (20 - (51 + -53))
-32
-22 + 19 + (17 - 5) + 9 + 0 - -6
24
Calculate -8 + 21 + -52 + 41 + 39.
41
-56 + (26 - (28 - 49))
-9
Evaluate 13 + 6 + (-13 - (-4 + 4 + -2)).
8
-67 - -10 - (-3 + -69)
15
Evaluate (-285 - -256) + 8 + -6.
-27
What is 61 - 11 - (-245 - -187)?
108
What is the value of -8 - (-5 + 1 + (36 - 3 - (194 - 179)))?
-22
Evaluate -1967 - -1898 - (-116 - -3).
44
Calculate (-449 - -468) + (0 - 20) - (0 - -37).
-38
(-1 - (27 + -8 + -9) - -12) + (7 - 1)
7
What is the value of -1 + (-13 - (8 + 3 + 42 + -56))?
-11
-11 - ((2 - 17 - (2 + -14)) + 2 + -19)
9
What is the value of 24 + (28 + 0 - 54) + 1 + -18?
-19
13 - (24 - (12 - 15))
-14
Calculate -13 - (-17 + 16) - (4 - -17) - 8.
-41
Calculate (967 - 997) + (50 - 1).
19
Evaluate 20 + (-13 - 43 - -45).
9
What is (27 - 1) + -5 + -11 - -28?
38
What is the value of (886 + -897 - (7 + -2)) + -22?
-38
Calculate -13 + 0 - (-14 + 39 + -1 + -99).
62
What is 44 + (50 - 47) - 59?
-12
Evaluate (2 - -64) + (847 - 900).
13
Evaluate 39 + (-48 - -19 - 1).
9
What is the value of -9 - (18 - (8 + (-11 + 13 - 4)) - -83)?
-104
Calculate -6 - (80 - (-4 - (28 + -17 + -29 + 8))).
-80
-21 + -18 + 32 - (-11 - -36)
-32
Calculate (-2 + -17 - (80 - (102 - 8))) + 28.
23
Calculate -151 + -100 + 174 - -60.
-17
What is (47 - (-112 + 155)) + 27?
31
What is (-3 - (-3 + -14)) + 187 + -179 - 14?
8
What is 1754 - 1768 - (32 - (2 - -1 - 1))?
-44
Calculate (-35 - 1) + (0 - (-19 - -11)).
-28
(19 - (-5 - -17 - 2 - -25)) + -25
-41
What is the value of 97 - -29 - (10 + (4 - (10 + 5)) - -12)?
115
What is -97 - (28 + -136) - (-8 + 1)?
18
What is (-1 - 1 - (10 + -5)) + -12336 + 12401?
58
-22 + 19 - (-4 + (-1 - (3 + -4 - -33)))
34
What is -24 + 1 - (53 + (-194 - -153))?
-35
59 + -2 + 117 + -89
85
Calculate 79 + (-47 + 11 - -48).
91
-73 + (-19 - (27 - 84))
-35
Evaluate (-97 - -7) + 30 + 107.
47
Calculate -23 - (27 - (-34 - -70) - -2).
-16
(6 - 5) + 1 + (75 - 31) + -13
33
What is the value of -32 + 1 + -4 - (976 - 1016)?
5
What is the value of 248 - (53 + 186) - (61 - (1 - 0))?
-51
What is the value of 0 - 29